l(b) = -2*b + 5. What is the remainder when p is divided by l(-8)?
10
Suppose 3*q = 5*q + 296. Let b = q - -180. What is the remainder when 63 is divided by b?
31
Let y = 18 - 12. What is the remainder when (-4264)/208*11/(77/(-14)) is divided by y?
5
Let k = -8 + 18. Suppose -28 = 77*d - 73*d. What is the remainder when 12/42*-1 - 275/d is divided by k?
9
Let c(v) = -40*v + 141. Let s(a) = -40*a + 139. Let g(u) = 5*c(u) - 6*s(u). What is the remainder when 216 is divided by g(4)?
30
Let g(h) = h**2 + 18*h + 8. Let q be g(-18). What is the remainder when -2*(-2)/q - (-5040)/160 is divided by 5?
2
Let t(k) = -11*k - 3. Let v be t(11). Let w be 1/(-3) + (-8)/(-24) - v. Let q = -93 + w. What is the remainder when 122 is divided by q?
29
Suppose -5 - 15 = -4*z. Suppose 5*g = z*f + 380, -2*f = 2*g + 2*f - 152. Calculate the remainder when g is divided by (-1 + 0)*(4 - (20 + -3)).
11
Suppose -z - 3*z - 20 = 0, 4*z + 136 = 4*f. Suppose f = 3*l - 58. What is the remainder when l is divided by 120/72*(-18)/(-5)?
5
Suppose 0*d + 45 = -5*d. Let q(f) be the second derivative of -5*f**3/6 - 14*f**2 + 23*f + 7. What is the remainder when 64 is divided by q(d)?
13
Let o(u) = u**2 - 2*u - 33. Let m be o(7). Suppose 5*n - m = 183. Calculate the remainder when n is divided by 8.
5
Suppose -v = 5*l - 145, 5*l - 2*v = -v + 155. Suppose 6 = -6*q + l. Suppose -3*u + 40 = -f, 30 = -u + 3*u - q*f. What is the remainder when u is divided by 4?
1
Let j = 15 + 138. Suppose 2*c = -15*c + j. Calculate the remainder when 16 is divided by c.
7
Let q(y) = 25*y + 7. Let s be q(6). Let r = s - 145. Calculate the remainder when r is divided by 4.
0
Let w(u) = -34*u - 1 + 33*u - 2. Let b be w(8). Let r(a) = -a**3 - 11*a**2 - 4*a + 7. What is the remainder when r(b) is divided by 27?
24
Let o(c) = -5*c - 2. Let s be o(-1). What is the remainder when 225 is divided by -4 + (s - -77)/8?
3
Suppose -15 = 2*k - 3*x - 4, k + 3*x - 17 = 0. Suppose 0*p = -k*p + 152. What is the remainder when p is divided by 3?
1
Suppose -3*t - 9 = -4*t. Let x be (8/(-3))/((-45)/810). Calculate the remainder when (11/(-2))/(-2*3/x) is divided by t.
8
Suppose 27*x - 1395 = -14*x + 1106. Calculate the remainder when 95 is divided by x.
34
What is the remainder when (-51)/((-1530)/28444) + 4/(-30) is divided by 7?
3
Let x = 736 - 725. Suppose 0*b = 4*b. Suppose -s + b*s + 20 = 0. What is the remainder when s is divided by x?
9
Let d = 456 - 440. Suppose -l + d*l = 2040. What is the remainder when l is divided by 40?
16
Suppose -43 = 5*j - 5*w - 213, -2*j + 5*w + 44 = 0. Calculate the remainder when j is divided by 16.
10
Let k(f) = -122*f. Suppose 0 = -2*o, 60*o = -5*h - 2*h + 56*o + 182. What is the remainder when k(-1) is divided by h?
18
Let l(t) = -6*t - 29. Let o be (2 - 5)*(-279)/27. Let w = 18 - o. Calculate the remainder when 193 is divided by l(w).
46
Let z(j) = -2*j**3 - 250*j**2 - 19*j - 1052. Calculate the remainder when 3977 is divided by z(-125).
8
Let n(w) = 2*w**2 + 41*w - 16. Let m be n(-21). Suppose -6*f + 137 = m. What is the remainder when 60 is divided by f?
16
Let y = 9304 - 8724. Calculate the remainder when y is divided by 229.
122
Let y(k) = -31*k - 1715. What is the remainder when 1299 is divided by y(-56)?
18
Let x = -26811 + 29106. Calculate the remainder when x is divided by 36.
27
Suppose 13 = 3*r + q, 10*q - 13*q - 1 = r. Suppose 19*s = -r*s + 2280. What is the remainder when s is divided by 51?
44
Let a(l) = -l**3 + 6*l**2 - 5*l + 6. Let h be (1*-219)/(33/(-22)). Let n = 215 - h. Calculate the remainder when n is divided by a(4).
15
Let l = 3 + 50. Suppose 0 = p + 20 + 32. Let y = p + l. Calculate the remainder when 5 is divided by y.
0
Suppose 85*p = 90*p + n - 3088, -576 = -p + 5*n. Calculate the remainder when p is divided by 22.
0
Suppose -1985 + 65 - 195 = -9*r. What is the remainder when r is divided by 118?
117
Let b(q) = -q**3 + 18*q**2 + 73*q + 30. Calculate the remainder when b(-6) is divided by 23.
19
Suppose -24414 = 67*p - 64547. Calculate the remainder when p is divided by 122.
111
Let t(j) = -19*j - 2. Suppose 12 = -0*w - 2*w. Let r be t(w). Suppose -4 = -2*m, 4*h + 0*m - r = -4*m. Calculate the remainder when 128 is divided by h.
24
Calculate the remainder when 100 + 21*24/84 is divided by 3.
1
Let o = -433373 - -433637. Let t = -40 + 132. Calculate the remainder when o is divided by t.
80
Let k(y) = 273*y - 2130. What is the remainder when 104 is divided by k(8)?
50
Let s = -6669 - -6824. What is the remainder when s is divided by 18?
11
Suppose 0*a + 3*a + x - 2986 = 0, 4*a - 3963 = -5*x. Suppose -3*s + a = 2*c, 3*c - 496 = -3*s + 995. What is the remainder when c is divided by 55?
54
Suppose 2*n + 270 = 4*h, n + 135 = 3*h - 6*h. Calculate the remainder when 83 is divided by (184/(-6))/(-1) + 225/n.
25
Let w(n) = -n + 56. Let v be w(28). What is the remainder when (-4892)/(-28) + 8/v is divided by 12?
7
Suppose 70 = w + 4*w. Suppose -144*x + 448 + 116 = -156. Calculate the remainder when w is divided by x.
4
Suppose -3*r - 3*d = -54, 7*r = 5*r + d + 24. Let l(o) = -o**3 + 15*o**2 - 43. What is the remainder when l(r) is divided by 7?
6
Let f(o) = 151*o + 473. Calculate the remainder when 438 is divided by f(-3).
18
Calculate the remainder when -8 - -53 - -3*1 is divided by 32 + (-3 - 3) + 11 + -5.
16
Let p(u) = -129*u + 295. Calculate the remainder when 809 is divided by p(2).
32
Let i = -6785 - -8943. Calculate the remainder when i is divided by 40.
38
Suppose 0 = -20*w + 15*w + 10. Let f = 53 - 35. Calculate the remainder when w is divided by 2 + (-7)/5 + f/45.
0
Let x(s) = 6*s**2 - 155*s - 10. What is the remainder when -1 - -4 - (-237)/3 is divided by x(26)?
2
Let w(c) = 170*c - 439. What is the remainder when 111 is divided by w(3)?
40
Let y = -2621 + 2660. Suppose -4*d - 37 = -389. What is the remainder when d is divided by y?
10
Suppose -z - 3 = -p, -4*z - 5 = -5*p + 11. Let t = 1657 + -1656. What is the remainder when ((-3)/t)/1 + z*19 is divided by 6?
4
Suppose -2*q - 219 = -3*d - 428, -2*q + 105 = 5*d. Let i(p) = -211*p + 1. Calculate the remainder when i(-2) is divided by q.
83
Let z(s) = s + 79. Let b = 433382 - 433334. Calculate the remainder when z(0) is divided by b.
31
Let l = 25202 + -19749. What is the remainder when l is divided by 31?
28
Suppose 2*y - 2*s - 30 = 0, 3*y + 4*s + 2 = 33. What is the remainder when (-296)/(-2) + -10 + 11 + 6 is divided by y?
12
Suppose 0 = -34*l + 28*l - 426. Let n = -111 + 47. Let k = n - l. What is the remainder when 19 is divided by k?
5
Suppose n - 5*i - 28 = -24, i + 8 = 2*n. Let h(s) = -s + 7. Let w be h(-6). Suppose n*q - 3*q - w = 0. What is the remainder when 25 is divided by q?
12
Suppose 3*k = 7*k - 72. Let d(x) = x**2 + 5*x - 228. What is the remainder when d(-19) is divided by k?
2
Suppose 306*m = 265*m + 13284. Calculate the remainder when m is divided by 728/11 + (-2)/11.
60
Suppose 2*n = v + 9, 12*n - 16*n + 6 = 2*v. Suppose 5*g + 3*x = n + 45, -3*g + 40 = -x. What is the remainder when 32 is divided by g?
8
Let z = 51 - 47. Suppose -z*u = -17*u + 130. What is the remainder when 2*(-29)/4*-2 is divided by u?
9
Suppose 3*k = -n, -2*k - n = 3 - 4. What is the remainder when k - 8 - (19 + -1048) is divided by 11?
8
Let r be 4/(4/(-8) + 1 - 1). Let w be 10486/21 - r/(-6). Suppose 3*s = w + 54. What is the remainder when s is divided by 31?
29
Let k = -93 - -955. What is the remainder when k is divided by 48?
46
Suppose 369 + 539 = 4*t + 3*c, -2*c = 4*t - 912. Calculate the remainder when t is divided by 13.
9
Let z(g) = 5*g - 13. Let i be z(14). Let q = i + -43. What is the remainder when 321 is divided by q?
13
Suppose -311*m + 331*m - 340 = 0. Calculate the remainder when 251 is divided by m.
13
Let k = 1853 - 1829. What is the remainder when 6671 is divided by k?
23
Let d = 85 + -35. What is the remainder when ((-2)/4)/(d/(-700)) is divided by 2?
1
Let b = -29 + 84. Calculate the remainder when b is divided by -6*25*(11 + 2672/(-240)).
15
Suppose 50*i = 40*i + 1230. Suppose -i*b = -128*b + 170. Suppose 84 = 4*v + 32. Calculate the remainder when b is divided by v.
8
Let f be 2*2*(-42)/(-8). Let s = -5 + f. What is the remainder when 37 is divided by s?
5
Let z be 3 + ((-9)/3 - -24). What i